{"id":102,"date":"2024-10-29T15:42:13","date_gmt":"2024-10-29T15:42:13","guid":{"rendered":"https:\/\/prom.put.poznan.pl\/?page_id=102"},"modified":"2025-01-24T10:38:25","modified_gmt":"2025-01-24T10:38:25","slug":"konferencja-isiems","status":"publish","type":"page","link":"https:\/\/prom.put.poznan.pl\/?page_id=102","title":{"rendered":"Konferencja ISIEMS"},"content":{"rendered":"\n<p><strong><a style=\"color:red\">REKRUTACJA ZAMKNI\u0118TA<\/a><\/strong><\/p>\n\n\n\n<p>Rekrutacja na zagraniczny wyjazd trwaj\u0105cy 7 dni (w\u0142\u0105cznie z czasem przeznaczonym na podr\u00f3\u017c), realizowany w ramach Projektu, kt\u00f3rego miejscem docelowym jest zagraniczna konferencja: The 19th ISIEMS Conference, Bonn, Germany.<\/p>\n\n\n\n<p>Link do wydarzenia (strony konferencji) dost\u0119pny <a href=\"https:\/\/www.bundeswehr.de\/en\/organization\/infrastructure-environmental-protection-and-services\/isiems\/19th-isiems\" data-type=\"link\" data-id=\"https:\/\/www.bundeswehr.de\/en\/organization\/infrastructure-environmental-protection-and-services\/isiems\/19th-isiems\">tutaj<\/a>.<\/p>\n\n\n\n<p>Regulamin rekrutacji <a href=\"https:\/\/prom.put.poznan.pl\/wp-content\/uploads\/2024\/10\/ISIEMS-regulamin-rekrutacji.pdf\" data-type=\"attachment\" data-id=\"107\">[PDF]<\/a><\/p>\n\n\n\n<ul class=\"wp-block-list\">\n<li><a href=\"https:\/\/prom.put.poznan.pl\/wp-content\/uploads\/2024\/10\/ISIEMS-formularz-doktoranci-1.docx\" data-type=\"attachment\" data-id=\"134\">Za\u0142\u0105cznik1a &#8211; Formularz aplikacyjny (doktorantka\/doktorant)<\/a><\/li>\n\n\n\n<li><a href=\"https:\/\/prom.put.poznan.pl\/wp-content\/uploads\/2024\/10\/ISIEMS-formularz-kadra-1.docx\" data-type=\"attachment\" data-id=\"133\">Za\u0142\u0105cznik 1b &#8211; Formularz aplikacyjny (pracowniczka\/pracownik)<\/a><\/li>\n\n\n\n<li><a href=\"https:\/\/prom.put.poznan.pl\/wp-content\/uploads\/2024\/10\/Zalacznik-nr-2_Merytoryczne-sprawozdanie-z-KWA.pdf\" data-type=\"attachment\" data-id=\"148\">Za\u0142\u0105cznik 2 &#8211; Merytoryczne sprawozdanie z KWA<\/a><\/li>\n\n\n\n<li><a href=\"https:\/\/prom.put.poznan.pl\/wp-content\/uploads\/2024\/10\/Zalacznik-nr-3_Deklaracja-przystapienia-do-udzialu-w-projekcie.pdf\" data-type=\"attachment\" data-id=\"141\">Za\u0142\u0105cznik 3 &#8211; Deklaracja przyst\u0105pienia do udzia\u0142u w projekcie<\/a><\/li>\n\n\n\n<li><a href=\"https:\/\/prom.put.poznan.pl\/wp-content\/uploads\/2024\/10\/Zalacznik-nr-4_Formularz-danych-osobowych-uczestnika-projektu.pdf\" data-type=\"attachment\" data-id=\"142\">Za\u0142\u0105cznik 4 &#8211; Formularz danych osobowych uczestnika projektu<\/a><\/li>\n\n\n\n<li><a href=\"https:\/\/prom.put.poznan.pl\/wp-content\/uploads\/2024\/10\/Zalacznik-nr-5_Oswiadczenie-Uczestnika-Projektu-RODO.pdf\" data-type=\"attachment\" data-id=\"143\">Za\u0142\u0105cznik 5 &#8211; O\u015bwiadczenie Uczestnika Projektu RODO<\/a><\/li>\n\n\n\n<li><a href=\"https:\/\/prom.put.poznan.pl\/wp-content\/uploads\/2024\/10\/Zalacznik-nr-6_Zgoda-Uczestnika-Projektu-na-przetwarzanie-danych-osobowych-i-wizerunku.pdf\" data-type=\"attachment\" data-id=\"144\">Za\u0142\u0105cznik 6 &#8211; Zgoda Uczestnika Projektu na przetwarzanie danych osobowych i wizerunku<\/a><\/li>\n\n\n\n<li><a href=\"https:\/\/prom.put.poznan.pl\/wp-content\/uploads\/2024\/10\/Zalacznik-nr-7_Zestawienie-stawek-dziennych-stypendium.pdf\" data-type=\"attachment\" data-id=\"145\">Za\u0142\u0105cznik 7 &#8211; Zestawienie stawek dziennych stypendium<\/a><\/li>\n\n\n\n<li><a href=\"https:\/\/prom.put.poznan.pl\/wp-content\/uploads\/2024\/10\/Zalacznik-nr-8_Zestawienie-dziennych-stawek-ryczaltowych-kosztow-utrzymania-i-zakwaterowania.pdf\" data-type=\"attachment\" data-id=\"146\">Za\u0142\u0105cznik 8 &#8211; Zestawienie dziennych stawek rycza\u0142towych koszt\u00f3w utrzymania i zakwaterowania<\/a><\/li>\n\n\n\n<li><a href=\"https:\/\/prom.put.poznan.pl\/wp-content\/uploads\/2024\/10\/Zalacznik-nr-9_Zestawienie-stawek-ryczaltowych-kosztow-podrozy.pdf\" data-type=\"attachment\" data-id=\"147\">Za\u0142\u0105cznik 9 &#8211; Zestawienie stawek rycza\u0142towych koszt\u00f3w podr\u00f3\u017cy<\/a><\/li>\n<\/ul>\n\n\n\n<p class=\"has-contrast-color has-text-color has-link-color wp-elements-bbe19604e77bc8aaa05f4d2ed469cb8a\">Zg\u0142oszenia przyjmowane s\u0105 do <strong>6 listopada 2024<\/strong>. Mail, na kt\u00f3ry nale\u017cy przes\u0142a\u0107 zg\u0142oszenia dost\u0119pny jest we wnioskach (formularzach).<\/p>\n\n\n\n<p><\/p>\n","protected":false},"excerpt":{"rendered":"<p>REKRUTACJA ZAMKNI\u0118TA Rekrutacja na zagraniczny wyjazd trwaj\u0105cy 7 dni (w\u0142\u0105cznie z czasem przeznaczonym na podr\u00f3\u017c), realizowany w ramach Projektu, kt\u00f3rego miejscem docelowym jest zagraniczna konferencja: The 19th ISIEMS Conference, Bonn, Germany. Link do wydarzenia (strony konferencji) dost\u0119pny tutaj. Regulamin rekrutacji [PDF] Zg\u0142oszenia przyjmowane s\u0105 do 6 listopada 2024. Mail, na kt\u00f3ry nale\u017cy przes\u0142a\u0107 zg\u0142oszenia dost\u0119pny [&hellip;]<\/p>\n","protected":false},"author":1,"featured_media":0,"parent":0,"menu_order":0,"comment_status":"closed","ping_status":"closed","template":"","meta":{"footnotes":""},"class_list":["post-102","page","type-page","status-publish","hentry"],"_links":{"self":[{"href":"https:\/\/prom.put.poznan.pl\/index.php?rest_route=\/wp\/v2\/pages\/102","targetHints":{"allow":["GET"]}}],"collection":[{"href":"https:\/\/prom.put.poznan.pl\/index.php?rest_route=\/wp\/v2\/pages"}],"about":[{"href":"https:\/\/prom.put.poznan.pl\/index.php?rest_route=\/wp\/v2\/types\/page"}],"author":[{"embeddable":true,"href":"https:\/\/prom.put.poznan.pl\/index.php?rest_route=\/wp\/v2\/users\/1"}],"replies":[{"embeddable":true,"href":"https:\/\/prom.put.poznan.pl\/index.php?rest_route=%2Fwp%2Fv2%2Fcomments&post=102"}],"version-history":[{"count":13,"href":"https:\/\/prom.put.poznan.pl\/index.php?rest_route=\/wp\/v2\/pages\/102\/revisions"}],"predecessor-version":[{"id":271,"href":"https:\/\/prom.put.poznan.pl\/index.php?rest_route=\/wp\/v2\/pages\/102\/revisions\/271"}],"wp:attachment":[{"href":"https:\/\/prom.put.poznan.pl\/index.php?rest_route=%2Fwp%2Fv2%2Fmedia&parent=102"}],"curies":[{"name":"wp","href":"https:\/\/api.w.org\/{rel}","templated":true}]}}