{"id":230,"date":"2024-12-23T11:01:16","date_gmt":"2024-12-23T11:01:16","guid":{"rendered":"https:\/\/prom.put.poznan.pl\/?page_id=230"},"modified":"2025-02-05T11:28:43","modified_gmt":"2025-02-05T11:28:43","slug":"konferencja-icp7","status":"publish","type":"page","link":"https:\/\/prom.put.poznan.pl\/?page_id=230","title":{"rendered":"Konferencja ICP7"},"content":{"rendered":"\n<p><strong><a style=\"color:red\">REKRUTACJA ZAMKNI\u0118TA<\/a><\/strong><\/p>\n\n\n\n<p>Listy rankingowe:<\/p>\n\n\n\n<ul class=\"wp-block-list\">\n<li><a href=\"https:\/\/prom.put.poznan.pl\/wp-content\/uploads\/2025\/02\/Lista_rankingowa_ICP7.pdf\" data-type=\"attachment\" data-id=\"277\">Doktoranci<\/a><\/li>\n\n\n\n<li><a href=\"https:\/\/prom.put.poznan.pl\/wp-content\/uploads\/2025\/02\/Lista_rankingowa_ICP7_kadra.pdf\" data-type=\"attachment\" data-id=\"283\">Kadra<\/a><\/li>\n<\/ul>\n\n\n\n<p>Rekrutacja na zagraniczny wyjazd pracownika Politechniki Pozna\u0144skiej trwaj\u0105cy 6 dni (w\u0142\u0105cznie z czasem przeznaczonym na podr\u00f3\u017c), realizowany w ramach Projektu, kt\u00f3rego miejscem docelowym jest zagraniczna konferencja: 7th International Conference on Protective Structures (United Arab Emirates, Abu Dhabi).<\/p>\n\n\n\n<p>Link do wydarzenia (strony konferencji) dost\u0119pny <a href=\"https:\/\/icps-7.com\/\" data-type=\"link\" data-id=\"https:\/\/icps-7.com\/\">tutaj<\/a>.<\/p>\n\n\n\n<p>Regulamin rekrutacji [<a href=\"https:\/\/prom.put.poznan.pl\/wp-content\/uploads\/2024\/12\/ICPS7-regulamin-rekrutacji-2.pdf\" data-type=\"link\" data-id=\"https:\/\/prom.put.poznan.pl\/wp-content\/uploads\/2024\/12\/ICPS7-regulamin-rekrutacji-2.pdf\">PDF<\/a>].<\/p>\n\n\n\n<ul class=\"wp-block-list\">\n<li><a href=\"https:\/\/prom.put.poznan.pl\/wp-content\/uploads\/2024\/12\/ICPS7-Zalacznik-nr-1a-CPS-formularz-doktoranci.docx\" data-type=\"attachment\" data-id=\"241\">Za\u0142\u0105cznik nr 1a: Formularz aplikacyjny (doktorantka\/doktorant)&nbsp;<\/a><\/li>\n\n\n\n<li><a href=\"https:\/\/prom.put.poznan.pl\/wp-content\/uploads\/2024\/12\/ICPS7-Zalacznik-nr-1b-CPS-formularz-kadra.docx\" data-type=\"attachment\" data-id=\"232\">Za\u0142\u0105cznik nr 1b: Formularz aplikacyjny (pracowniczka\/pracownik)&nbsp;<\/a><\/li>\n\n\n\n<li><a href=\"https:\/\/prom.put.poznan.pl\/wp-content\/uploads\/2024\/12\/ICPS7-Zalacznik-nr-2_Merytoryczne-sprawozdanie-z-KWA.pdf\" data-type=\"attachment\" data-id=\"233\">Za\u0142\u0105cznik nr 2: Merytoryczne sprawozdanie z KWA&nbsp;<\/a><\/li>\n\n\n\n<li><a href=\"https:\/\/prom.put.poznan.pl\/wp-content\/uploads\/2024\/12\/ICPS7-Zalacznik-nr-3_Deklaracja-przystapienia-do-udzialu-w-projekcie.docx\" data-type=\"attachment\" data-id=\"234\">Za\u0142\u0105cznik nr 3: Deklaracja przyst\u0105pienia do udzia\u0142u w projekcie<\/a>&nbsp;<\/li>\n\n\n\n<li><a href=\"https:\/\/prom.put.poznan.pl\/wp-content\/uploads\/2024\/12\/ICPS7-Zalacznik-nr-4_Formularz-danych-osobowych-uczestnika-projektu.docx\" data-type=\"attachment\" data-id=\"235\">Za\u0142\u0105cznik nr 4: Formularz danych osobowych uczestnika projektu<\/a>&nbsp;&nbsp;<\/li>\n\n\n\n<li><a href=\"https:\/\/prom.put.poznan.pl\/wp-content\/uploads\/2024\/12\/ICPS7-Zalacznik-nr-5_Oswiadczenie-Uczestnika-Projektu-RODO.docx\" data-type=\"attachment\" data-id=\"236\">Za\u0142\u0105cznik nr 5: O\u015bwiadczenie Uczestnika Projektu dotycz\u0105ce zapoznania sie\u0328 z zasadami przetwarzania danych osobowych<\/a>&nbsp;<\/li>\n\n\n\n<li><a href=\"https:\/\/prom.put.poznan.pl\/wp-content\/uploads\/2024\/12\/ICPS7-Zalacznik-nr-6_Zgoda-Uczestnika-Projektu-na-przetwarzanie-danych-osobowych-i-wizerunku.docx\" data-type=\"attachment\" data-id=\"237\">Za\u0142\u0105cznik nr 6: Zgoda Uczestnika Projektu na przetwarzanie danych osobowych i wizerunku (Za\u0142\u0105cznik nr 6 do Regulaminu).&nbsp;<\/a>&nbsp;<\/li>\n\n\n\n<li><a href=\"https:\/\/prom.put.poznan.pl\/wp-content\/uploads\/2024\/12\/ICPS7-Zalacznik-nr-7_Zestawienie-stawek-dziennych-stypendium.docx\" data-type=\"attachment\" data-id=\"238\">Za\u0142\u0105cznik nr 7: Zestawienie stawek dziennych stypendium dla Uczestniczki\/Uczestnika Projektu<\/a>&nbsp;<\/li>\n\n\n\n<li><a href=\"https:\/\/prom.put.poznan.pl\/wp-content\/uploads\/2024\/12\/ICPS7-Zalacznik-nr-8_Zestawienie-dziennych-stawek-ryczaltowych-kosztow-utrzymania-i-zakwaterowania.docx\" data-type=\"attachment\" data-id=\"239\">Za\u0142\u0105cznik nr 8: Zestawienie stawek rycza\u0142towych koszt\u00f3w podr\u00f3\u017cy Uczestniczki\/Uczestnika, ubezpieczenia zdrowotnego, OC, NNW, op\u0142at wizowych lub zwi\u0105zanych z legalizacj\u0105 pobytu<\/a>&nbsp;&nbsp;<\/li>\n\n\n\n<li><a href=\"https:\/\/prom.put.poznan.pl\/wp-content\/uploads\/2024\/12\/ICPS7-Zalacznik-nr-9_Zestawienie-stawek-ryczaltowych-kosztow-podrozy.docx\" data-type=\"attachment\" data-id=\"240\">Za\u0142\u0105cznik nr 9: Zestawienie dziennych stawek rycza\u0142towych koszt\u00f3w utrzymania i zakwaterowania Uczestniczki\/Uczestnika<\/a>&nbsp;&nbsp;<\/li>\n<\/ul>\n\n\n\n<p>Zg\u0142oszenia przyjmowane s\u0105 do&nbsp;<strong>15 stycznia 2025<\/strong>. Mail, na kt\u00f3ry nale\u017cy przes\u0142a\u0107 zg\u0142oszenia dost\u0119pny jest we wnioskach (formularzach).<\/p>\n\n\n\n<p><\/p>\n","protected":false},"excerpt":{"rendered":"<p>REKRUTACJA ZAMKNI\u0118TA Listy rankingowe: Rekrutacja na zagraniczny wyjazd pracownika Politechniki Pozna\u0144skiej trwaj\u0105cy 6 dni (w\u0142\u0105cznie z czasem przeznaczonym na podr\u00f3\u017c), realizowany w ramach Projektu, kt\u00f3rego miejscem docelowym jest zagraniczna konferencja: 7th International Conference on Protective Structures (United Arab Emirates, Abu Dhabi). Link do wydarzenia (strony konferencji) dost\u0119pny tutaj. Regulamin rekrutacji [PDF]. Zg\u0142oszenia przyjmowane s\u0105 do&nbsp;15 [&hellip;]<\/p>\n","protected":false},"author":1,"featured_media":0,"parent":0,"menu_order":0,"comment_status":"closed","ping_status":"closed","template":"","meta":{"footnotes":""},"class_list":["post-230","page","type-page","status-publish","hentry"],"_links":{"self":[{"href":"https:\/\/prom.put.poznan.pl\/index.php?rest_route=\/wp\/v2\/pages\/230","targetHints":{"allow":["GET"]}}],"collection":[{"href":"https:\/\/prom.put.poznan.pl\/index.php?rest_route=\/wp\/v2\/pages"}],"about":[{"href":"https:\/\/prom.put.poznan.pl\/index.php?rest_route=\/wp\/v2\/types\/page"}],"author":[{"embeddable":true,"href":"https:\/\/prom.put.poznan.pl\/index.php?rest_route=\/wp\/v2\/users\/1"}],"replies":[{"embeddable":true,"href":"https:\/\/prom.put.poznan.pl\/index.php?rest_route=%2Fwp%2Fv2%2Fcomments&post=230"}],"version-history":[{"count":8,"href":"https:\/\/prom.put.poznan.pl\/index.php?rest_route=\/wp\/v2\/pages\/230\/revisions"}],"predecessor-version":[{"id":285,"href":"https:\/\/prom.put.poznan.pl\/index.php?rest_route=\/wp\/v2\/pages\/230\/revisions\/285"}],"wp:attachment":[{"href":"https:\/\/prom.put.poznan.pl\/index.php?rest_route=%2Fwp%2Fv2%2Fmedia&parent=230"}],"curies":[{"name":"wp","href":"https:\/\/api.w.org\/{rel}","templated":true}]}}