{"id":8,"date":"2024-10-10T10:43:04","date_gmt":"2024-10-10T10:43:04","guid":{"rendered":"https:\/\/prom.put.poznan.pl\/?page_id=8"},"modified":"2024-10-18T10:17:00","modified_gmt":"2024-10-18T10:17:00","slug":"home","status":"publish","type":"page","link":"https:\/\/prom.put.poznan.pl\/?page_id=8","title":{"rendered":"RMIT Vietnam from Poland"},"content":{"rendered":"\n<p>Informujemy, \u017ce w dniu 18.10.2024 o godzinie 12:00 zako\u0144czono nab\u00f3r Kandydat\u00f3w do realizacji Kr\u00f3tkookresowej Wymiany Akademickiej do Wietnamu<\/p>\n","protected":false},"excerpt":{"rendered":"<p>Informujemy, \u017ce w dniu 18.10.2024 o godzinie 12:00 zako\u0144czono nab\u00f3r Kandydat\u00f3w do realizacji Kr\u00f3tkookresowej Wymiany Akademickiej do Wietnamu<\/p>\n","protected":false},"author":1,"featured_media":0,"parent":0,"menu_order":0,"comment_status":"closed","ping_status":"closed","template":"","meta":{"footnotes":""},"class_list":["post-8","page","type-page","status-publish","hentry"],"_links":{"self":[{"href":"https:\/\/prom.put.poznan.pl\/index.php?rest_route=\/wp\/v2\/pages\/8","targetHints":{"allow":["GET"]}}],"collection":[{"href":"https:\/\/prom.put.poznan.pl\/index.php?rest_route=\/wp\/v2\/pages"}],"about":[{"href":"https:\/\/prom.put.poznan.pl\/index.php?rest_route=\/wp\/v2\/types\/page"}],"author":[{"embeddable":true,"href":"https:\/\/prom.put.poznan.pl\/index.php?rest_route=\/wp\/v2\/users\/1"}],"replies":[{"embeddable":true,"href":"https:\/\/prom.put.poznan.pl\/index.php?rest_route=%2Fwp%2Fv2%2Fcomments&post=8"}],"version-history":[{"count":3,"href":"https:\/\/prom.put.poznan.pl\/index.php?rest_route=\/wp\/v2\/pages\/8\/revisions"}],"predecessor-version":[{"id":85,"href":"https:\/\/prom.put.poznan.pl\/index.php?rest_route=\/wp\/v2\/pages\/8\/revisions\/85"}],"wp:attachment":[{"href":"https:\/\/prom.put.poznan.pl\/index.php?rest_route=%2Fwp%2Fv2%2Fmedia&parent=8"}],"curies":[{"name":"wp","href":"https:\/\/api.w.org\/{rel}","templated":true}]}}