{"id":93,"date":"2024-10-18T11:27:42","date_gmt":"2024-10-18T11:27:42","guid":{"rendered":"https:\/\/prom.put.poznan.pl\/?page_id=93"},"modified":"2024-10-18T11:29:57","modified_gmt":"2024-10-18T11:29:57","slug":"zadanie-2","status":"publish","type":"page","link":"https:\/\/prom.put.poznan.pl\/?page_id=93","title":{"rendered":"Zadanie 2"},"content":{"rendered":"\n<h2 class=\"wp-block-heading\">Realizacja mobilno\u015bci os\u00f3b studiuj\u0105cych, doktorantek i doktorant\u00f3w oraz kadry<\/h2>\n\n\n\n<p>W ramach Zadania realizowane b\u0119d\u0105 zagraniczne mobilno\u015bci wyjazdowe najlepszych doktorant\u00f3w Szko\u0142y Doktorskiej PP. Wyjazdy  planowane s\u0105 do presti\u017cowych europejskich jednostek akademickich i  instytucji naukowo-badawczych (lista jednostek i kraj\u00f3w jest otwarta).  G\u0142\u00f3wnym celem dzia\u0142a\u0144 b\u0119dzie zwi\u0119kszenie mobilno\u015bci zagranicznej  doktorant\u00f3w Szko\u0142y Doktorskiej PP poprzez finansowanie   kr\u00f3tkoterminowych (30-dniowych) wyjazd\u00f3w naukowo-badawczych. Podczas mobilno\u015bci doktoranci prowadzi\u0107 b\u0119d\u0105 badania,  komplementarne do tych zaplanowanych i realizowanych w ich indywidualnych planach badawczych. Wp\u0142ynie to na   umi\u0119dzynarodowienie bada\u0144 prowadzonych przez doktorant\u00f3w oraz umo\u017cliwi im pozyskanie materia\u0142\u00f3w do pracy doktorskiej lub artyku\u0142u  naukowego (np. wykonanie pomiar\u00f3w z wykorzystaniem unikatowej aparatury badawczej lub jej przetestowanie), co w konsekwencji  podniesie jako\u015b\u0107 kszta\u0142cenia doktorant\u00f3w oraz przygotowywanych przez nich rozpraw doktorskich. Jednocze\u015bnie realizacja zadania pozwoli na osi\u0105gni\u0119cie oczekiwanych od mobilno\u015bci rezultat\u00f3w, w tym efekt\u00f3w kszta\u0142cenia na poziomie 8PRK, w szczeg\u00f3lno\u015bci kompetencji\/kwalifikacji takich jak, pozyskanie wiedzy oraz umiej\u0119tno\u015bci pracy i komunikowania si\u0119 na tematy specjalistyczne w mi\u0119dzynarodowych zespo\u0142ach  badawczych, zdobycie do\u015bwiadczenia i zrozumienia r\u00f3\u017cnic kulturowych, oswajania odmienno\u015bci, godzenia r\u00f3\u017cnych system\u00f3w warto\u015bci i  zachowa\u0144 oraz krytycznej oceny w\u0142asnego wk\u0142adu\/dorobku w ramach danej dyscypliny naukowej. D\u0142ugofalowym rezultatem Projektu b\u0119dzie nawi\u0105zanie \u015bci\u015blejszej wsp\u00f3\u0142pracy z naukowcami z wiod\u0105cych  zagranicznych instytucji akademickich i naukowo-badawczych, w ramach wsp\u00f3lnych obszar\u00f3w zainteresowa\u0144.<\/p>\n\n\n\n<p>Wydaje si\u0119, \u017ce 12-dniowe i 30-dniowe okresy mobilno\u015bci pozwol\u0105 na wykonanie bada\u0144 zaplanowanych we wsp\u00f3\u0142pracy z naukowcami z  instytucji goszcz\u0105cej doktoranta, a ich wyniki w\u0142\u0105czone do wsp\u00f3lnej  publikacji z partnerem zagranicznym lub do pracy doktorskiej. W ramach kr\u00f3tkookresowych mobilno\u015bci wyjazdowych podj\u0119te zostan\u0105 nast\u0119puj\u0105ce dzia\u0142ania:<\/p>\n\n\n\n<ol class=\"wp-block-list\">\n<li>pozyskanie materia\u0142\u00f3w do pracy doktorskiej, artyku\u0142u naukowego,<\/li>\n\n\n\n<li>wykonanie pomiar\u00f3w z wykorzystaniem unikatowej aparatury, testowanie aparatury badawczej, unikalnego instrumentarium artystycznego,<\/li>\n\n\n\n<li>osi\u0105gni\u0119cie oczekiwanych od mobilno\u015bci rezultat\u00f3w (np. do\u015bwiadczenia i zrozumienia r\u00f3\u017cnic kulturowych, oswajania odmienno\u015bci, godzenia r\u00f3\u017cnych system\u00f3w warto\u015bci i zachowa\u0144).<\/li>\n<\/ol>\n\n\n\n<p>Realizacja zadania przyczyni si\u0119 do osi\u0105gni\u0119cia wszystkich cel\u00f3w szczeg\u00f3\u0142owych zar\u00f3wno samego Projektu, jak i programu PROM.<\/p>\n","protected":false},"excerpt":{"rendered":"<p>Realizacja mobilno\u015bci os\u00f3b studiuj\u0105cych, doktorantek i doktorant\u00f3w oraz kadry W ramach Zadania realizowane b\u0119d\u0105 zagraniczne mobilno\u015bci wyjazdowe najlepszych doktorant\u00f3w Szko\u0142y Doktorskiej PP. Wyjazdy planowane s\u0105 do presti\u017cowych europejskich jednostek akademickich i instytucji naukowo-badawczych (lista jednostek i kraj\u00f3w jest otwarta). G\u0142\u00f3wnym celem dzia\u0142a\u0144 b\u0119dzie zwi\u0119kszenie mobilno\u015bci zagranicznej doktorant\u00f3w Szko\u0142y Doktorskiej PP poprzez finansowanie kr\u00f3tkoterminowych (30-dniowych) wyjazd\u00f3w [&hellip;]<\/p>\n","protected":false},"author":1,"featured_media":0,"parent":0,"menu_order":0,"comment_status":"closed","ping_status":"closed","template":"","meta":{"footnotes":""},"class_list":["post-93","page","type-page","status-publish","hentry"],"_links":{"self":[{"href":"https:\/\/prom.put.poznan.pl\/index.php?rest_route=\/wp\/v2\/pages\/93","targetHints":{"allow":["GET"]}}],"collection":[{"href":"https:\/\/prom.put.poznan.pl\/index.php?rest_route=\/wp\/v2\/pages"}],"about":[{"href":"https:\/\/prom.put.poznan.pl\/index.php?rest_route=\/wp\/v2\/types\/page"}],"author":[{"embeddable":true,"href":"https:\/\/prom.put.poznan.pl\/index.php?rest_route=\/wp\/v2\/users\/1"}],"replies":[{"embeddable":true,"href":"https:\/\/prom.put.poznan.pl\/index.php?rest_route=%2Fwp%2Fv2%2Fcomments&post=93"}],"version-history":[{"count":3,"href":"https:\/\/prom.put.poznan.pl\/index.php?rest_route=\/wp\/v2\/pages\/93\/revisions"}],"predecessor-version":[{"id":96,"href":"https:\/\/prom.put.poznan.pl\/index.php?rest_route=\/wp\/v2\/pages\/93\/revisions\/96"}],"wp:attachment":[{"href":"https:\/\/prom.put.poznan.pl\/index.php?rest_route=%2Fwp%2Fv2%2Fmedia&parent=93"}],"curies":[{"name":"wp","href":"https:\/\/api.w.org\/{rel}","templated":true}]}}